{"id":3970,"date":"2024-11-22T22:06:57","date_gmt":"2024-11-22T22:06:57","guid":{"rendered":"https:\/\/buborekszinhaz.hu\/?post_type=product&#038;p=3970"},"modified":"2024-12-08T08:57:21","modified_gmt":"2024-12-08T08:57:21","slug":"karacsonyi-enek","status":"publish","type":"product","link":"https:\/\/buborekszinhaz.hu\/index.php\/termek\/karacsonyi-enek\/","title":{"rendered":"\ud83c\udf84 KAR\u00c1CSONYI \u00c9NEK EL\u0150AD\u00c1S  \ud83c\udf84   (A jegyeket \u00e9s a sz\u00e1ml\u00e1t 24 \u00f3r\u00e1n bel\u00fcl k\u00e9zbes\u00edtj\u00fck a megadott e-mail c\u00edmre.)"},"content":{"rendered":"<div class=\"elementor-element elementor-element-73711781 elementor-widget__width-initial elementor-widget elementor-widget-text-editor\" data-id=\"73711781\" data-element_type=\"widget\" data-widget_type=\"text-editor.default\">\n<div class=\"elementor-widget-container\">\n<p>Mindenkinek j\u00e1r m\u00e9g egy es\u00e9ly!<\/p>\n<p>M\u00e9g a legh\u00e1zs\u00e1rtosabb, legzsugoribb embernek is.<\/p>\n<p>Igaz, olykor kell egy kis seg\u00edts\u00e9g, hogy \u00e9szrevegy\u00fck v\u00e1ltoztatni kell, de a v\u00e9geredm\u00e9ny csak rajtunk m\u00falik. \u00c9s mi lehetne jobb alkalom j\u00f3 tettekre, mint a kar\u00e1csony.<\/p>\n<p>Szeretettel v\u00e1runk mindenkit, aki egy kis kar\u00e1csonyi hangulatra v\u00e1gyik a sz\u00fcrke h\u00e9tk\u00f6znapokban!<\/p>\n<\/div>\n<\/div>\n<div class=\"elementor-element elementor-element-72e88705 elementor-widget elementor-widget-heading\" data-id=\"72e88705\" data-element_type=\"widget\" data-widget_type=\"heading.default\">\n<div class=\"elementor-widget-container\">\n<h2 class=\"elementor-heading-title elementor-size-default\">Szerepl\u0151k<\/h2>\n<\/div>\n<\/div>\n<div class=\"elementor-element elementor-element-4335c5db elementor-widget__width-initial elementor-widget elementor-widget-text-editor\" data-id=\"4335c5db\" data-element_type=\"widget\" data-widget_type=\"text-editor.default\">\n<div class=\"elementor-widget-container\">\n<h6>Scrooge \u2013 Jakab Ferenc Csaba<\/h6>\n<h6>Marley \u2013 Kov\u00e1cs Patrick Thomas<\/h6>\n<h6>M\u00falt szellem \u2013 Kuti Erika<\/h6>\n<h6>Jelen szellem \u2013 Bert\u00f3k Niki<\/h6>\n<h6>J\u00f6v\u0151 szellem \u2013 P\u00e1sztor Orsi<\/h6>\n<\/div>\n<\/div>\n<div class=\"elementor-element elementor-element-161124a0 elementor-widget__width-initial elementor-widget elementor-widget-heading\" data-id=\"161124a0\" data-element_type=\"widget\" data-widget_type=\"heading.default\">\n<div class=\"elementor-widget-container\">\n<h2 class=\"elementor-heading-title elementor-size-default\">Rendezte<\/h2>\n<\/div>\n<\/div>\n<div class=\"elementor-element elementor-element-771b1416 elementor-widget elementor-widget-text-editor\" data-id=\"771b1416\" data-element_type=\"widget\" data-widget_type=\"text-editor.default\">\n<div class=\"elementor-widget-container\">\n<h6>\u00a0 Bert\u00f3k Niki<\/h6>\n<p>A darabhoz a zen\u00e9t szerezte, dalsz\u00f6veget \u00edrta:\u00a0Gajda Marianna \u00e9s Talj\u00e1n Violetta<\/p>\n<\/div>\n<\/div>\n","protected":false},"excerpt":{"rendered":"<p>Szeretettel v\u00e1runk mindenkit, aki egy kis kar\u00e1csonyi hangulatra v\u00e1gyik a sz\u00fcrke h\u00e9tk\u00f6znapokban!<\/p>\n","protected":false},"featured_media":3900,"comment_status":"open","ping_status":"closed","template":"","meta":{"site-sidebar-layout":"default","site-content-layout":"","ast-site-content-layout":"default","site-content-style":"default","site-sidebar-style":"default","ast-global-header-display":"","ast-banner-title-visibility":"","ast-main-header-display":"","ast-hfb-above-header-display":"","ast-hfb-below-header-display":"","ast-hfb-mobile-header-display":"","site-post-title":"","ast-breadcrumbs-content":"","ast-featured-img":"","footer-sml-layout":"","theme-transparent-header-meta":"default","adv-header-id-meta":"","stick-header-meta":"","header-above-stick-meta":"","header-main-stick-meta":"","header-below-stick-meta":"","astra-migrate-meta-layouts":"set","ast-page-background-enabled":"default","ast-page-background-meta":{"desktop":{"background-color":"var(--ast-global-color-4)","background-image":"","background-repeat":"repeat","background-position":"center center","background-size":"auto","background-attachment":"scroll","background-type":"","background-media":"","overlay-type":"","overlay-color":"","overlay-opacity":"","overlay-gradient":""},"tablet":{"background-color":"","background-image":"","background-repeat":"repeat","background-position":"center center","background-size":"auto","background-attachment":"scroll","background-type":"","background-media":"","overlay-type":"","overlay-color":"","overlay-opacity":"","overlay-gradient":""},"mobile":{"background-color":"","background-image":"","background-repeat":"repeat","background-position":"center center","background-size":"auto","background-attachment":"scroll","background-type":"","background-media":"","overlay-type":"","overlay-color":"","overlay-opacity":"","overlay-gradient":""}},"ast-content-background-meta":{"desktop":{"background-color":"var(--ast-global-color-5)","background-image":"","background-repeat":"repeat","background-position":"center center","background-size":"auto","background-attachment":"scroll","background-type":"","background-media":"","overlay-type":"","overlay-color":"","overlay-opacity":"","overlay-gradient":""},"tablet":{"background-color":"var(--ast-global-color-5)","background-image":"","background-repeat":"repeat","background-position":"center center","background-size":"auto","background-attachment":"scroll","background-type":"","background-media":"","overlay-type":"","overlay-color":"","overlay-opacity":"","overlay-gradient":""},"mobile":{"background-color":"var(--ast-global-color-5)","background-image":"","background-repeat":"repeat","background-position":"center center","background-size":"auto","background-attachment":"scroll","background-type":"","background-media":"","overlay-type":"","overlay-color":"","overlay-opacity":"","overlay-gradient":""}}},"product_cat":[23],"product_tag":[],"class_list":{"0":"post-3970","1":"product","2":"type-product","3":"status-publish","4":"has-post-thumbnail","6":"product_cat-egyeb","7":"desktop-align-left","8":"tablet-align-left","9":"mobile-align-left","11":"first","12":"instock","13":"downloadable","14":"virtual","15":"taxable","16":"purchasable","17":"product-type-simple"},"jetpack_sharing_enabled":true,"_links":{"self":[{"href":"https:\/\/buborekszinhaz.hu\/index.php\/wp-json\/wp\/v2\/product\/3970","targetHints":{"allow":["GET"]}}],"collection":[{"href":"https:\/\/buborekszinhaz.hu\/index.php\/wp-json\/wp\/v2\/product"}],"about":[{"href":"https:\/\/buborekszinhaz.hu\/index.php\/wp-json\/wp\/v2\/types\/product"}],"replies":[{"embeddable":true,"href":"https:\/\/buborekszinhaz.hu\/index.php\/wp-json\/wp\/v2\/comments?post=3970"}],"wp:featuredmedia":[{"embeddable":true,"href":"https:\/\/buborekszinhaz.hu\/index.php\/wp-json\/wp\/v2\/media\/3900"}],"wp:attachment":[{"href":"https:\/\/buborekszinhaz.hu\/index.php\/wp-json\/wp\/v2\/media?parent=3970"}],"wp:term":[{"taxonomy":"product_cat","embeddable":true,"href":"https:\/\/buborekszinhaz.hu\/index.php\/wp-json\/wp\/v2\/product_cat?post=3970"},{"taxonomy":"product_tag","embeddable":true,"href":"https:\/\/buborekszinhaz.hu\/index.php\/wp-json\/wp\/v2\/product_tag?post=3970"}],"curies":[{"name":"wp","href":"https:\/\/api.w.org\/{rel}","templated":true}]}}